et n(i) = 7*i - 3*i + i - 8 - 4*i. What is n(7)?
-1
Let l(b) = -b**3 - 10*b**2 - 15*b - 58. Let z be l(-9). Let t(x) = x**3 + 4*x**2 - 5*x - 2. Calculate t(z).
18
Let a(u) be the third derivative of u**4/12 - u**3 + u**2. Suppose -28 = -5*p - 2*v, p + p - 5*v = 17. Give a(p).
6
Let n(o) = 11. Let u(k) = -k + 40. Let x(j) = 4*n(j) - u(j). Let v(d) = -d - 1. Let f be v(-6). Suppose -2*a - 18 = 4*w, 2*w - a + f = -6*a. Calculate x(w).
-1
Let z(n) = -n**2 - 3*n - 1. Suppose 3*u = -m - 1, 3*m + 21 = -u - 14. Let k = -11 - m. Let r be (1 - k/4)*-6. Calculate z(r).
-1
Let j(t) be the second derivative of 5/2*t**2 + 0 + 31*t + 1/6*t**3. What is j(7)?
12
Let b(s) = -s + 4. Suppose -2*q + 3*t = -164, 4*q - 187 = 3*t + 141. Let w = 88 - q. What is b(w)?
-2
Let k(u) = -11*u**3 - 40*u**2 + 12*u - 2. Let x(s) = -5*s**3 - 19*s**2 + 6*s - 1. Let c = 40 - 53. Let i(a) = c*x(a) + 6*k(a). Determine i(6).
1
Suppose 45*y - 4 = 43*y. Let p(q) = 1 + y - 10*q + 11*q. Calculate p(-5).
-2
Let o(l) = -10*l**2 - 55*l + 27. Let b be o(-6). Let h(r) = -r**3 - 3*r**2 + 2*r - 7. Give h(b).
-13
Let y(v) = 5*v**3 + 6*v**2 + 10. Let c(t) = 4*t**3 + 6*t**2 + 8. Let f(i) = 4*c(i) - 3*y(i). Give f(-6).
2
Let c(h) = -7*h**2 - 2*h + 15. Let m(q) = 4*q**2 + q - 8. Let t(x) = 3*c(x) + 5*m(x). Calculate t(-4).
-7
Suppose 36 + 3 = 3*l. Let k = -13 + l. Let w(m) = -4 + m - 3*m + m + k*m. Give w(3).
-7
Let g(l) = -6*l - 2. Let j(w) = 14*w + 4. Let b(f) = 5*g(f) + 2*j(f). Give b(-4).
6
Let j(r) be the second derivative of -r**5/20 - r**4/6 + 5*r**3/6 + r**2 - r - 59. Suppose c + 3 = 5*y, c - 4*y = 2*c + 3. Calculate j(c).
-4
Let x(i) = 2*i**2 + 4 + 0*i - 3 - 5*i. Let g be (1/1)/(5/25). Suppose q = g*q - 16. Give x(q).
13
Let u(k) = k**3 + 2*k**2 + 4*k + 5. Let x be -4 + (12 + -9 - 1). Calculate u(x).
-3
Let v(b) = -4*b + 30. Let y = -1977 + 1985. Give v(y).
-2
Let t(u) be the first derivative of -u**4/24 + u**3/3 + 11*u**2/2 + 24. Let l(a) be the second derivative of t(a). Calculate l(5).
-3
Suppose -3*c - 3*v = v + 45, 2*c + 4*v + 30 = 0. Let i(r) = -r**2 - 15*r + 9. Calculate i(c).
9
Let v(y) = 10*y + 7*y**2 - y**2 - 11*y + 0*y. Let f be (2/2)/(6/6). Let m be (-2)/6*f*-3. Determine v(m).
5
Let f(i) = i + 2. Let q(s) be the second derivative of s**3/6 + s**2/2 + 8*s. Let r be q(-5). Let c be 2*(3 - 2) + r. Determine f(c).
0
Let v(t) be the third derivative of t**7/840 + t**6/120 + t**5/30 + t**4/8 - 14*t**3/3 - 18*t**2. Let k(x) be the first derivative of v(x). What is k(-3)?
-9
Let r(u) be the third derivative of u**6/120 + u**5/20 - 5*u**4/24 - 7*u**3/6 + 138*u**2 + u. Determine r(-2).
7
Let d(z) = 2*z**3 - 14*z**2 - 4*z + 12. Let y(n) = -n**3 + 8*n**2 + 2*n - 7. Let m(s) = 5*d(s) + 9*y(s). Determine m(-3).
-6
Let z = 181 - 187. Let o(l) = -l**2 - l - 1. Let x(b) = -5*b**2 + b - 9. Let y(n) = -6*o(n) + x(n). What is y(z)?
-9
Let k(w) = w**2 + 4*w - 17. Let p be k(-7). Let g(j) = -6*j + 3*j + 19*j**2 - 1 + p*j - 3*j. Determine g(-1).
20
Let r(u) be the third derivative of -u**6/120 + 7*u**5/60 + u**4/24 - 7*u**3/6 - 32*u**2. Calculate r(7).
0
Let g(c) = 4*c + 6. Suppose -3*f + 5*z + 31 = 0, -f - 4*z - 12 = 3*f. Suppose 2*d - h - f*h - 7 = 0, -3*d = -h + 7. Determine g(d).
-10
Let l(v) = -v**3 - 9*v**2 - 8*v - 3. Let d = 135 - 143. Determine l(d).
-3
Let i(v) = -8754 + 8747 + 5*v**2 - 4*v**2 - 6*v. Calculate i(10).
33
Let c(y) be the first derivative of 8 - 1/2*y**2 + 0*y**3 + 1/20*y**5 + 5/12*y**4 + 4*y. Let n(i) be the first derivative of c(i). Calculate n(-5).
-1
Let p be (1 + -2)*(-1)/2*-2. Let k(w) = w**2 - w - 1. Give k(p).
1
Suppose -96 = 4*v + 4*r, 3*v = 7*r - 6*r - 92. Let s be 10/(-2)*(-8)/(-10). Let l be v/9 + s/(-18). Let k(m) = m**3 + 4*m**2 + 4*m. Calculate k(l).
-3
Let a(t) = -t**3 - 8*t**2 + 37*t + 37. Let c be a(-11). Let v(j) = -j**3 - 6*j**2 + 5*j - 11. Calculate v(c).
3
Let h = -10 - -17. Let q = -38 + 40. Suppose 0*m = m + z - 1, q*m + 5*z = -h. Let v(o) = 2*o - 3. What is v(m)?
5
Let m(i) = -i**3 + 4*i**2 + 3*i + 2. Let f be m(5). Let t(o) = -26 - 15 - o + 67 - 14 + 3*o. What is t(f)?
-4
Let h = 153 + -151. Suppose 4*f + 30 = -g, 7*f - 4*f = -h*g - 35. Let v(z) = -z**3 - 11*z**2 - 11*z - 8. Give v(g).
2
Let c(w) = 0 + 3 + 0*w + 4*w**2 - 5*w**2 - 4*w. Suppose -6*g = -10*g + 8. Calculate c(g).
-9
Let i(r) = 5*r**2 - 8*r - 1. Let c(p) = 4*p**2 - 8*p. Let l(z) = 4*c(z) - 3*i(z). Suppose -17 - 3 = 2*f. Let u be (f/3)/(-1*(-14)/(-21)). Determine l(u).
-12
Let d be (-3)/3*(0 + -2). Let i(a) be the first derivative of -4*a**d - 3*a + 3*a**2 - 4*a - 6 + 6*a. What is i(4)?
-9
Suppose -1 = o - 4. Let c(m) = 2*m - 5. Let a(j) be the second derivative of -j**3/6 + 3*j**2/2 + 5*j. Let t(p) = -8*a(p) - 5*c(p). Calculate t(o).
-5
Let v(g) = -g**2 + 3. Suppose 7*u = 3*u + 32. Let c = -8 + u. Give v(c).
3
Let u(m) = -5*m**2 - 3*m + 1. Let z(y) = -6*y**2 - 6*y. Let h(s) = -s**2 - s. Let b(i) = 11*h(i) - 2*z(i). Let c(d) = 18*b(d) + 4*u(d). What is c(5)?
-16
Suppose 33*r - 12 = 29*r. Let p(w) = 2 - 2 + 4 + w**3 - w**2 + r. Suppose -2*z - 2*z = 0. Determine p(z).
7
Let t(z) = 2*z + 1. Suppose 0 = g + 4*q + 27, q = -2*g - 10 - 16. Let s(a) = -3*a**3 - 33*a**2 + a + 11. Let i be s(g). Give t(i).
1
Let m = -213 - -91. Let a = -113 - m. Let x(p) = -p + 13. What is x(a)?
4
Let k(c) = -c**3 - 7*c**2 + 4. Let w be k(-7). Let n(u) = 6 - 5 + 3*u - w*u + 9. Let o be 2/10 - 136/(-20). Calculate n(o).
3
Let o be 2/(-9) - 76/(-18). Let w(s) = s**2 - 7*s + 3. Let k(j) = 3*j**2 - 20*j + 10. Let n(t) = -3*k(t) + 8*w(t). Give n(o).
-6
Let k(m) = -m**3 + m**2. Let h(u) = -u**2 - 10*u - 7. Let n be h(-9). Suppose 4 = 5*r - n*a - 14, 0 = 4*r + a - 4. Suppose r*d - 4 = 6*d. Calculate k(d).
2
Let f = 11 - 6. Let s(m) be the first derivative of m**2 - 1 + 0 - 6*m + m - 6. What is s(f)?
5
Let d be 2/8 + 22/8. Let o(i) = -i**3 + 2*i**2 - 1. What is o(d)?
-10
Let y(v) = -v**2 + 18*v + 6. Let w be y(18). Suppose 59*u = 62*u + w. Let z(o) = 4*o + 3. What is z(u)?
-5
Let y(p) be the third derivative of -p**4/12 - 20*p**3/3 - 502*p**2. Determine y(-18).
-4
Let c(j) = -12*j**3 - 2*j**2 - 2*j - 1. Let s(l) = 4*l + 63. Let f be s(-16). Determine c(f).
11
Suppose 429*u = 438*u - 18. Let k(d) = -7*d. Calculate k(u).
-14
Let p(m) = -9*m - 2. Let r be p(-1). Suppose 2*w - r*w = -60. Suppose 5*c - 17 + w = 0. Let q(o) = o**3 - 2*o**2. Give q(c).
-1
Suppose -3*x = 12 - 18. Let t(d) be the third derivative of d**4/24 + d**3/2 + d**2. Let g be t(x). Let f(u) = u**3 - 5*u**2 - u + 2. Give f(g).
-3
Let l = -40 + 34. Let c be ((-20)/30 - (-5)/l)*4. Let o(s) = -s**2 - 6*s + 1. Calculate o(c).
1
Suppose 3*d - 4*x + 187 = 0, -x = d - 29 + 82. Let o = 52 + d. Let q(r) = 3*r - 3*r - r. Calculate q(o).
5
Suppose 5*l - 34 = -3*j, -j = 4*l - l - 18. Let h(g) = 43*g**3 - 42*g**3 - 1 - 2 + l*g**2 + 2*g + 2. Determine h(-2).
7
Let k(m) = -m**2 - 6*m. Let x(t) = -t**3 + 19*t**2 + t - 14. Let s be x(19). Let i(v) = v**3 - 5*v**2 - 4*v + 14. Let q be i(s). Determine k(q).
0
Let t(k) be the third derivative of 0 + 0*k - 5/24*k**4 + 1/6*k**3 + 1/60*k**5 + 15*k**2. Let v(i) = i**3 - 10*i**2 - i + 13. Let a be v(10). Give t(a).
-5
Suppose -6 = -18*t + 16*t. Let w be (1 + 2 - 1) + 3. Suppose -t = i, 2*y + w*i + 25 = -0*y. Let u(k) = -k - 7. Give u(y).
-2
Let m(o) = o**3 - 2*o**2 - 3*o + 1. Let l be (0/4 - -4) + 0. Determine m(l).
21
Let b(h) = -h**3 - h**2 - h + 5. Let t(a) = -a + 1. Let f(s) = b(s) - 4*t(s). Give f(-4).
37
Let d(j) = 2*j + 1. Suppose -2*s = -3*o - 3, 0*o = 5*s - 2*o - 2. Suppose s = p - 41 + 36. What is d(p)?
11
Let y(r) be the second derivative of 5/6*r**3 + 3/2*r**2 - 2*r - 1/12*r**4 - 5. Suppose 0 = u - 2*u + 6. Determine y(u).
-3
Suppose -5*c = 1 - 6, -x - 2*c + 4 = 0. Suppose 2*q - 4*q + 4 = 0. Let m(j) = 3*j + q*j**2 - 19*j**3 - 3 + 18*j**3 + 0*j. Determine m(x).
3
Let c(h) be the second derivative of -h**4/12 + 17*h**3/6 - 27*h**2/2 - 3*h - 108. Determine c(15).
3
Suppose 0 = d - b + 2 - 7, 5*d + 15 = -5*b. Suppose 2*p - 27 + 5 = 0. Suppose -2*m = -4*k, -m = 3*k - d + p. Let h(s) = -2*s - 1. Calculate h(k).
3
Suppose 2*o + 4*k = -0*k, -2*o = -5*k - 36. Let h(c) = c**3 - 7*c**2 - 7*c + 2. What is h(o)?
10
Let c(b) = b**3 + 2*b**2 + 4*b + 4. Let m(l) = l + 6. Let h be m(-4). Suppose 5*p = 5*k + 4*p + 13, h*k + 3*p + 12 = 